ppose -4*n = -10*n + 384. Let c = 62 - n. Is c/(-2) - (-1854 - 10) composite?
True
Suppose -6 = -5*o - 2*d, -8*o - 4*d = -9*o + 10. Suppose o*j - 17230 = 5*b, -11783 = -2*j + 4*b + 5443. Is j composite?
True
Let a = 40591 - -13182. Is a composite?
False
Is (-35 - (-606)/18)*(-94449)/4 a composite number?
True
Let m = 475612 - -148797. Is m a prime number?
False
Suppose 0 = -136*r + 137*r + 251. Is r*(8/(-72) - 16/18) composite?
False
Suppose -5*n - 195351 = -640606. Suppose 3*m + 115192 = 5*s + 26169, -5*s + n = 4*m. Is s a prime number?
True
Let v be (22458/(-152))/(-1 + 23/24). Suppose 3327 = 3*m - v. Is m a prime number?
False
Let w = 40 + -45. Let r(t) = -36*t**3 + 2*t**2 - t + 5. Let v be r(w). Suppose 5 = y, 5*b - y = -2*y + v. Is b a prime number?
True
Let d(t) = 7*t + 130. Let p be d(-11). Suppose -56*m = -p*m - 921. Is m prime?
True
Let p = 139341 + -31448. Is p prime?
False
Let n be ((-6)/(-10))/(7/35). Is ((-2)/n)/((12/3)/(-7572)) prime?
False
Suppose 0 = n - 4*v - 148325, 4*v - 415979 = -4*n + 177381. Is n a prime number?
False
Is 925725/60 + -15 + 4/((-48)/9) composite?
False
Let z = 42 + -21. Suppose -7*c = -4*c - z. Suppose -c*x + 2452 = -3*x. Is x prime?
True
Suppose -38218 = -6*i + 61676. Is i a prime number?
True
Suppose 0 = -4*g + 13 + 3. Let t(m) = 114*m**2 + 2*m - 7. Let v(w) = 226*w**2 + 3*w - 12. Let q(i) = 5*t(i) - 2*v(i). Is q(g) a composite number?
True
Let u = 2400 - 783. Let v = 2483 + u. Is 15/(-45) - v/(-6) composite?
False
Is (246535/2)/((-10)/(-4)) a composite number?
False
Let w be (1526/(-42))/((-1)/69*1). Let b = 8652 - w. Is b a composite number?
True
Let k(x) = 117*x**2 - 255*x - 1. Is k(7) a composite number?
False
Suppose 4*j - 14 = -5*s, 16*j + s - 10 = 14*j. Suppose 0 = 4*g - 4*h - 356, 0*g + h - 193 = -2*g. Suppose -g + 376 = j*n. Is n a composite number?
False
Suppose -3000400 = -39*c - 361*c. Is c a prime number?
False
Let u = -567 - -185. Is (-2 + 91/(-14))*u a prime number?
False
Let n = 10924 - -125307. Is n prime?
False
Suppose 6*o = -o + 329. Suppose -33 - o = 2*z. Let p = 75 - z. Is p composite?
True
Suppose 0 = 133*t + 32*t - 87392910. Is t a prime number?
False
Suppose -3*p + 300395 = 2*a, 3*a - 323*p - 450526 = -318*p. Is a composite?
True
Let t(u) = -104*u**3 - u**2 + 8*u - 6. Let h be ((-5)/2)/(((-5)/2)/(-5)). Is t(h) a composite number?
True
Suppose 18 = g - 5*v - 28, 3*g + 2*v = 206. Let t = g + 3. Is (t/12)/(5/940) composite?
True
Let j(v) = -2*v**3 - 2*v**2 - 3. Let x be j(-2). Suppose 5*z + x*i - 6840 = 0, -2*z - 2*i - 3*i = -2739. Is z composite?
False
Let s(j) = -j + 186. Let k(f) = 37. Let b(y) = -11*k(y) + 2*s(y). Let o be b(-22). Suppose 5*i - o*i = -6940. Is i a prime number?
False
Suppose g + q + 65 = 0, 2*g - 3*q + 63 + 92 = 0. Let i = g + 72. Suppose -i*s = 5*m - 4*s - 12507, -m + 4*s + 2487 = 0. Is m prime?
True
Suppose 194*s - 13311 = 167*s. Suppose g + 1 = -2*g + 2*w, -4*g + 2*w - 2 = 0. Is (37 + g + 1)/(17/s) a composite number?
True
Suppose 7*o - 240139 + 55437 = 0. Let u = o + -12273. Is u prime?
False
Suppose 67*j - 5*w + 825588 = 70*j, -9 = 3*w. Is j a composite number?
False
Suppose 16*j = 17*j - 53. Suppose -j = 4*f + 7. Is 10*1893/12*(-12)/f composite?
True
Suppose -4*h + 5*c = -9501, 16*c = 5*h + 13*c - 11886. Let t = 20432 - h. Is t prime?
False
Let l = -331 - -557. Let v = l + 8127. Is v a prime number?
True
Let t(u) = -u**2 + 43*u + 85. Let b be t(23). Suppose -5*d + 8825 = -b. Is d prime?
False
Is (-19)/(133/3) + (-4067750)/(-35) a prime number?
False
Let z be (-4)/5 - ((-6)/(-30) - 1). Suppose -3*v + 2*x + 5845 = z, -3478 - 6265 = -5*v + 2*x. Is v prime?
True
Let m = -100 + 103. Let n(i) = 1041*i - 20. Is n(m) a composite number?
True
Suppose 5*f - 2160 = -0*f. Let g be (-14)/2 + (-2 - -13). Suppose 44 + f = 4*p + g*d, 2*p - 2*d - 246 = 0. Is p prime?
False
Let u = -1808 - 481. Let s(o) = 11*o**2 + 8*o + 4. Let z be s(-8). Let c = z - u. Is c prime?
False
Let o(c) = 31*c**2 - 977*c + 421. Is o(140) a composite number?
False
Suppose -2*u = -0*s - 2*s - 6540, 3 = u. Let c = s + 4766. Is c composite?
False
Let x(k) = k**3 - 61*k**2 + 140*k - 7547. Is x(129) a prime number?
False
Let g = -59862 + 112853. Is g a prime number?
False
Let s = -10829 + 24827. Suppose 16*p + s = 22*p. Is p a composite number?
False
Let y(j) = -j**2 - 12*j + 1. Let k be y(-10). Suppose -k*a + 25*a = 572. Let q = a + 198. Is q prime?
False
Suppose 5*p - o - 32 + 4 = 0, p + 5*o = 16. Is 63/(-3 - p)*(-331)/1 composite?
True
Let o = -674 + 767. Suppose o*r - 24185 = 88*r. Is r prime?
False
Let r = -42570 - -91369. Is r prime?
True
Let y(n) be the first derivative of n**3 - 5*n**2/2 + 27*n - 84. Is y(-11) a prime number?
False
Let k = 139033 + 83898. Is k prime?
True
Let q = -448 + 448. Suppose q = -5*o, 0 = -2*h + 7*o - 2*o + 4954. Is h a prime number?
True
Let h = -181 - -183. Suppose h*l + 5*d + 299 = 3236, 5*d = l - 1506. Is l a composite number?
False
Let v(g) be the first derivative of 107*g**5/120 - 5*g**4/12 + 3*g**3 - 2. Let a(s) be the third derivative of v(s). Is a(7) composite?
False
Let g(y) = 34*y + 5. Let d be g(1). Let u = 43 - d. Suppose 2*p + u*p - 498 = 0. Is p a composite number?
False
Suppose -4*d - m = -548087, -3*m + 5*m + 411079 = 3*d. Is d prime?
False
Suppose 2*l - 40 = 5*h, 13 = -3*h - l - 22. Let o = 15 + h. Suppose 0 = o*i - 397 - 438. Is i composite?
False
Suppose 4*g = -154 - 198. Suppose m + 43 - 251 = -2*c, -4*m = -4*c + 452. Let q = c + g. Is q a composite number?
False
Let o(y) = -2*y - 8. Let p be o(-6). Suppose 2*g = p*i + 2182, 0 = 2*g + 10*i - 15*i - 2179. Is g a prime number?
True
Let t be -60*(1/6)/(5/(-10)). Suppose 19*k + 410 = t*k. Let z = 597 - k. Is z a prime number?
False
Let s be (343 - -2)*(-460)/(-30). Suppose -s = f + 3*z - 22734, -2*z = 5*f - 87246. Is f/15 + 4/(-12) a prime number?
True
Suppose 21*j = 13*j - 1936. Is (-2)/(-15) + 523/(-30)*j composite?
False
Let c = -276 + 295. Suppose -7*g - 102516 = -c*g. Is g composite?
False
Let y(o) = 63*o**2 - 14*o - 16. Let l be -16 - -1 - (18 - 16) - -2. Is y(l) a composite number?
False
Suppose -4*m = -4*l + 708588, 2*m = 9*l - 12*l + 531401. Is l a prime number?
False
Suppose -5*w + 2*g - 8 = 0, -3*g + 3 = 11*w - 14*w. Let h(m) = m**3 - m + 2. Let v be h(2). Is (w - -108)*v - -5 composite?
False
Suppose -3*m + 499 = 4*v, 0 = -0*v - 3*v + 5*m + 396. Let w = 1 + 1. Suppose 89 = 4*u - 5*z - v, 4*u = -w*z + 244. Is u prime?
True
Let h = -189461 - -372612. Is h a composite number?
False
Let m = 203450 - 138127. Is m composite?
False
Let g(k) = k**3 + 3*k + 7. Let r = 106 + -106. Let o be g(r). Suppose o*l = l + 12318. Is l a prime number?
True
Let m = -1248 - -1792. Suppose -w + m = -837. Is w composite?
False
Let f be 41084 - (10/(-15) + (-2)/(-3)). Suppose -f = -w + 7*v - 4*v, -3*v - 164291 = -4*w. Is w a prime number?
False
Let p = 42 + -42. Suppose -2*b + 56 + 198 = p. Is b a prime number?
True
Suppose 0 = -3*l + 14109 - 37386. Let g = -5023 - l. Is (-10)/(-2) + g/8 composite?
False
Let h = 98 - 98. Suppose h = -s - 3*l + 1270, -s + 4*l + 6255 = 4*s. Is s a composite number?
True
Let l(h) = 31*h + 2*h - 77 + 147*h. Is l(9) a prime number?
True
Let i be (-32 + -4)*(-2)/(-4)*-1. Suppose 3*w + i = 3*t, -1 = -w - 3*t + 9. Let m(f) = -29*f - 1. Is m(w) composite?
True
Let x be 3/18*-3*-1*14. Suppose 340 - 4 = x*u. Suppose 51*d = u*d + 279. Is d composite?
True
Suppose -3*y - 13 = 5. Let v(g) = g**2 + 8*g + 15. Let w be v(y). Suppose w*p = -p + 2*m + 1532, -2*p - m + 758 = 0. Is p a composite number?
True
Is (232070/80 + -8)*8 a prime number?
True
Let b = 51973 + 6066. Suppose -112754 - b = -9*r. Is r a prime number?
False
Suppose 0*v = 4*v - 21948. Let z(u) = 701*u - 22. Let i be z(4). Let m = v - i. Is m composite?
True
Let b(t) = 6 + 308*t + 5 - 6 - 20. Is b(8) composite?
True
Let w be 2/4 + (-45)/(-6). Suppose 5*p - w*p = -282. Suppose -p = -h + 69. Is h a composite number?
False
Let v = 26 + -15. Suppose 0 = 3*t + v*t - 16114. Is t composite?
False
Let y(a) = 281*a**2 - 361*a - 23. Is y(-8) a prime number?
True
Suppose -5*i - 5*k + 279825 = 0, 3*k = -2*i + 8*k + 111944. Is i composite?
False
Suppose -9*a + 146665 = -641528. Is a a prime number?
False
Let m(d) = 18*d + 1099. Suppose t + 7*h + 4